ed by 1838?
199
Calculate the remainder when 1403297 is divided by 1048.
25
What is the remainder when 3201281 is divided by 1600633?
15
What is the remainder when 2423572 is divided by 1741?
100
Calculate the remainder when 3625540 is divided by 407.
391
Calculate the remainder when 8345676 is divided by 2492.
2460
Calculate the remainder when 123554262 is divided by 3132.
3126
Calculate the remainder when 222078 is divided by 1608.
174
What is the remainder when 504958 is divided by 217?
216
Calculate the remainder when 4506412 is divided by 2232.
4
What is the remainder when 326988015 is divided by 108995999?
18
Calculate the remainder when 32641171 is divided by 261.
250
Calculate the remainder when 156960 is divided by 51933.
1161
What is the remainder when 57518732 is divided by 88?
84
Calculate the remainder when 4298583 is divided by 99.
3
What is the remainder when 39117 is divided by 12894?
435
What is the remainder when 88836 is divided by 44335?
166
Calculate the remainder when 280524 is divided by 348.
36
What is the remainder when 4103362 is divided by 2212?
102
What is the remainder when 40132 is divided by 374?
114
What is the remainder when 82421 is divided by 9119?
350
What is the remainder when 877986 is divided by 7316?
66
Calculate the remainder when 49485381 is divided by 108.
105
Calculate the remainder when 2887716 is divided by 93151.
35
What is the remainder when 178958637 is divided by 76?
69
Calculate the remainder when 96849 is divided by 8063.
93
Calculate the remainder when 89518 is divided by 2983.
28
Calculate the remainder when 40087539 is divided by 22.
19
What is the remainder when 1104017 is divided by 1130?
7
What is the remainder when 15654 is divided by 7426?
802
Calculate the remainder when 14139806 is divided by 9.
5
What is the remainder when 223413 is divided by 3248?
2549
Calculate the remainder when 485847262 is divided by 42.
40
Calculate the remainder when 134956 is divided by 2886.
2200
Calculate the remainder when 6229516 is divided by 59899.
20
What is the remainder when 4531026 is divided by 199?
194
Calculate the remainder when 14753556 is divided by 1994.
1944
What is the remainder when 23222294 is divided by 2?
0
What is the remainder when 35688 is divided by 3073?
1885
Calculate the remainder when 12777376 is divided by 798584.
32
What is the remainder when 73559897 is divided by 18?
17
What is the remainder when 36289 is divided by 1396?
1389
What is the remainder when 11333483 is divided by 94?
91
Calculate the remainder when 1074905 is divided by 537135.
635
What is the remainder when 1311674 is divided by 28?
14
What is the remainder when 632434 is divided by 541?
5
Calculate the remainder when 161808 is divided by 160295.
1513
Calculate the remainder when 298302443 is divided by 1843.
1835
What is the remainder when 3063997 is divided by 729?
10
What is the remainder when 10890806 is divided by 4819?
4685
What is the remainder when 3993951 is divided by 520?
351
What is the remainder when 889046 is divided by 10?
6
Calculate the remainder when 36213 is divided by 316.
189
Calculate the remainder when 135808 is divided by 204.
148
Calculate the remainder when 630794 is divided by 48.
26
Calculate the remainder when 12473853 is divided by 4157944.
21
Calculate the remainder when 3350356 is divided by 29.
15
What is the remainder when 428060 is divided by 142672?
44
Calculate the remainder when 1344635 is divided by 1660.
35
Calculate the remainder when 321642 is divided by 214.
0
What is the remainder when 538056 is divided by 3790?
3666
Calculate the remainder when 1514961 is divided by 1514522.
439
What is the remainder when 1442722 is divided by 14427?
22
Calculate the remainder when 367065244 is divided by 2837.
2836
What is the remainder when 13883561 is divided by 107?
97
What is the remainder when 488606 is divided by 3415?
261
What is the remainder when 565736 is divided by 66?
50
Calculate the remainder when 12425862 is divided by 140.
22
What is the remainder when 10108769 is divided by 42296?
25
Calculate the remainder when 3619427 is divided by 904801.
223
What is the remainder when 892761 is divided by 19407?
39
Calculate the remainder when 1025735 is divided by 73222.
627
What is the remainder when 419526 is divided by 287?
219
Calculate the remainder when 1914216 is divided by 956630.
956
What is the remainder when 1131871 is divided by 2963?
5
Calculate the remainder when 61556 is divided by 20485.
101
What is the remainder when 3043375 is divided by 1908?
115
Calculate the remainder when 305615 is divided by 112.
79
Calculate the remainder when 25451 is divided by 680.
291
Calculate the remainder when 115262429 is divided by 279.
275
What is the remainder when 577698373 is divided by 565?
563
Calculate the remainder when 575692 is divided by 18.
16
What is the remainder when 14699227 is divided by 186?
19
What is the remainder when 5806 is divided by 866?
610
Calculate the remainder when 202420 is divided by 101085.
250
What is the remainder when 3405460 is divided by 153?
139
Calculate the remainder when 5455747 is divided by 108.
19
What is the remainder when 1135732 is divided by 53?
48
What is the remainder when 11176362 is divided by 1019?
989
What is the remainder when 2775340 is divided by 770?
260
What is the remainder when 255153971 is divided by 732?
731
What is the remainder when 71538 is divided by 4783?
4576
What is the remainder when 122855 is divided by 8443?
4653
What is the remainder when 1024980 is divided by 92?
8
Calculate the remainder when 6899849 is divided by 241.
19
Calculate the remainder when 42673 is divided by 892.
749
Calculate the remainder when 130815 is divided by 1200.
15
Calculate the remainder when 1487195 is divided by 5676.
83
What is the remainder when 1460888 is divided by 6733?
6560
Calculate the remainder when 2111957758 is divided by 64.
62
What is the remainder when 164247 is divided by 794?
683
What is the remainder when 935252 is divided by 40?
12
Calculate the remainder when 20983996 is divided by 1600.
1596
What is the remainder when 41093 is divided by 22?
19
What is the remainder when 182996 is divided by 5227?
51
Calculate the remainder when 1351216 is divided by 21.
13
Calculate the remainder when 1662686 is divided by 831331.
24
What is the remainder when 304402 is divided by 678?
658
Calculate the remainder when 233822 is divided by 12934.
1010
What is the remainder when 337384 is divided by 9634?
194
Calculate the remainder when 5688733 is divided by 18.
13
Calculate the remainder when 330969 is divided by 1924.
41
Calculate the remainder when 1817474 is divided by 23913.
86
What is the remainder when 15478853 is divided by 161?
152
Calculate the remainder when 2519617 is divided by 1313.
1283
Calculate the remainder when 67237 is divided by 3827.
2178
What is the remainder when 5369018 is divided by 37?
22
What is the remainder when 353119 is divided by 284?
107
Calculate the remainder when 15670248 is divided by 9.
6
Calculate the remainder when 1423628 is divided by 641.
608
What is the remainder when 16702 is divided by 3213?
637
What is the remainder when 5598403 is divided by 73663?
15
What is the remainder when 11942480 is divided by 373202?
16
Calculate the remainder when 57997489 is divided by 2034.
13
What is the remainder when 792018117 is divided by 5340?
5337
What is the remainder when 4572495 is divided by 73749?
57
Calculate the remainder when 115450 is divided by 1327.
1
What is the remainder when 181766 is divided by 16454?
772
Calculate the remainder when 462890 is divided by 347.
339
What is the remainder when 3302501 is divided by 2295?
2291
Calculate the remainder when 73461 is divided by 23870.
1851
What is the remainder when 32167911 is divided by 168?
111
Calculate the remainder when 316229499 is divided by 500.
499
Calculate the remainder when 20170435 is divided by 1290.
1285
What is the remainder when 69586 is divided by 1026?
844
Calculate the remainder when 8328 is divided by 3880.
568
Calculate the remainder when 29507008 is divided by 3278555.
13
What is the remainder when 512784 is divided by 2003?
16
What is the remainder when 48728339 is divided by 2320397?
2
What is the remai